t is -336 - 0?
-336
In base 14, what is 2 + 985?
987
In base 2, what is 10 + -1100100110?
-1100100100
In base 4, what is 2010322 + -11?
2010311
In base 6, what is -3 - -230?
223
In base 13, what is -17 + -12?
-29
In base 13, what is -6c - 2?
-71
In base 11, what is 5 - 1137?
-1132
In base 10, what is 1 + -9140?
-9139
In base 11, what is -140 - 5?
-145
In base 3, what is -20 - 21201?
-21221
In base 11, what is -7 + -70?
-77
In base 2, what is 110000110 + 101?
110001011
In base 6, what is 5045 + 5?
5054
In base 14, what is 8b - -5?
92
In base 13, what is 1190 + 2?
1192
In base 7, what is -10 + -30?
-40
In base 4, what is 21 - 1010?
-323
In base 10, what is -10 - -492?
482
In base 2, what is -1 - 1010011?
-1010100
In base 4, what is 330 + -1001?
-11
In base 5, what is -3 - 422?
-430
In base 7, what is 42 + 1126?
1201
In base 2, what is -1 - 100010?
-100011
In base 9, what is -4 + 646?
642
In base 11, what is 4 + -171?
-168
In base 10, what is -127 - -2?
-125
In base 8, what is -1302 + -2?
-1304
In base 7, what is -10 - 1034?
-1044
In base 14, what is 1 + 37?
38
In base 8, what is -5 - -7?
2
In base 5, what is 10 - 4043?
-4033
In base 14, what is 62 + -40?
22
In base 6, what is 5 - -15?
24
In base 13, what is 210 - -5?
215
In base 11, what is 95 - 0?
95
In base 15, what is -79 - 0?
-79
In base 2, what is 1101101 + -1?
1101100
In base 11, what is 2 - -279?
280
In base 7, what is -1555 - -4?
-1551
In base 16, what is 94 + -1a?
7a
In base 4, what is -1 + -122?
-123
In base 7, what is -265 + 2?
-263
In base 13, what is 2 - 23?
-21
In base 13, what is -236 - 20?
-256
In base 15, what is 25 - 4?
21
In base 6, what is -2041 + 1?
-2040
In base 3, what is 1022 - 1010?
12
In base 6, what is 350 - -1?
351
In base 11, what is -4 - -89?
85
In base 15, what is 25 + -1?
24
In base 6, what is -3 - 10322?
-10325
In base 16, what is 3 + 7b?
7e
In base 10, what is -4 - 1082?
-1086
In base 4, what is -220 - 3?
-223
In base 11, what is 117a - -13?
1192
In base 16, what is 4 + 87?
8b
In base 10, what is -1405 + -5?
-1410
In base 6, what is 432 - -2?
434
In base 13, what is 1770 + 5?
1775
In base 7, what is 55 + 1?
56
In base 4, what is 12321 + -11?
12310
In base 15, what is -143e + -2?
-1441
In base 7, what is 255 + -4?
251
In base 13, what is -18c + -5?
-194
In base 9, what is 687 - -38?
736
In base 8, what is 5 + -634?
-627
In base 9, what is 81 - 34?
46
In base 10, what is 2 - -215?
217
In base 12, what is -4 + -47b?
-483
In base 16, what is -225 - b?
-230
In base 5, what is -3 - -4102?
4044
In base 12, what is -19 + -181?
-19a
In base 6, what is 0 - -52520?
52520
In base 11, what is a63 + -a?
a54
In base 13, what is -3 - 47?
-4a
In base 13, what is 16 - -10?
26
In base 3, what is -112110 - 1?
-112111
In base 3, what is 0 + -2101?
-2101
In base 6, what is 4 - 201?
-153
In base 12, what is 1b - -2?
21
In base 10, what is -14567 + -2?
-14569
In base 4, what is 201100 - 3?
201031
In base 7, what is -3 + -355?
-361
In base 2, what is -111 - -1011?
100
In base 11, what is -4 - 2740?
-2744
In base 5, what is -2 - 13000?
-13002
In base 14, what is 0 + 26?
26
In base 6, what is -3 - -11401?
11354
In base 5, what is 320 + -3?
312
In base 15, what is 0 - 9e5?
-9e5
In base 6, what is 4 + 5141?
5145
In base 8, what is 1161 - 16?
1143
In base 6, what is -12 - 13?
-25
In base 11, what is 162 + -17?
146
In base 10, what is 31 - -5?
36
In base 7, what is 5435 - 3?
5432
In base 15, what is 3 + -c1?
-bd
In base 10, what is -3 - -6?
3
In base 15, what is -4 - 1d1?
-1d5
In base 15, what is -31a + -8?
-323
In base 13, what is -299 - 4?
-2a0
In base 10, what is -5 - 833?
-838
In base 9, what is 0 - -704?
704
In base 4, what is 102202 - 10?
102132
In base 10, what is -5 + 26?
21
In base 3, what is 10 - 1001001?
-1000221
In base 6, what is -204 + -5?
-213
In base 16, what is -4 - 2a?
-2e
In base 6, what is 110 - -3?
113
In base 12, what is 7 + 54b?
556
In base 16, what is -6 + 1e?
18
In base 4, what is -20 + 12?
-2
In base 9, what is 33 + 128?
162
In base 2, what is -10001101 - 1?
-10001110
In base 4, what is 13 - 102?
-23
In base 10, what is -7 + -836?
-843
In base 7, what is 654 - -35?
1022
In base 6, what is 11 + 353?
404
In base 3, what is 22202 - 0?
22202
In base 16, what is 7 + -21?
-1a
In base 14, what is -3 + 11cd?
11ca
In base 12, what is -3 + -71?
-74
In base 16, what is 150 + 27?
177
In base 5, what is -33320 + -10?
-33330
In base 5, what is 1330 - -101?
1431
In base 11, what is -194 - -5?
-18a
In base 4, what is 130 - 0?
130
In base 9, what is -5 + 232?
226
In base 10, what is -285 - 3?
-288
In base 3, what is -11 + -221?
-1002
In base 7, what is -255 + 6?
-246
In base 2, what is -10010 - -1110100011?
1110010001
In base 12, what is -2 + -29b?
-2a1
In base 14, what is 2 + -1a7?
-1a5
In base 8, what is -6 - -255?
247
In base 13, what is -2 - -40?
3b
In base 2, what is 100 + -101111?
-101011
In base 16, what is 3a - -3?
3d
In base 12, what is 1085 - -1?
1086
In base 11, what is 373 - -4?
377
In base 7, what is -41034 - -2?
-41032
In base 11, what is 154a + 1?
1550
In base 8, what is -3645 + 10?
-3635
In base 14, what is 4 - -118?
11c
In base 13, what is 3 + -5c6?
-5c3
In base 2, what is 1011 - 1100000?
-1010101
In base 7, what is -254 - 11?
-265
In base 15, what is a65 - -4?
a69
In base 14, what is 4 + -56?
-52
In base 4, what is 20 - 101?
-21
In base 12, what is -5 - -47?
42
In base 14, what is 3 + -63c?
-639
In base 10, what is 3 + 303?
306
In base 12, what is 7 - 190?
-185
In base 10, what is -6 + 14?
8
In base 7, what is -3 - 52?
-55
In base 7, what is 2 - -3264?
3266
In base 15, what is -4 + -3?
-7
In base 3, what is 12 - 111?
-22
In base 5, what is -33430 + -4?
-33434
In base 3, what is -1122 + -101?
-2000
In base 8, what is 1256 - 2?
1254
In base 15, what is -7 + 16?
e
In base 14, what is -288 + -25?
-2ad
In base 4, what is -120 - 1113?
-1233
In base 6, what is 2 + -4110?
-4104
In base 14, what is -10 + 3b?
2b
In base 9, what is 47 - -254?
312
In base 6, what is -1023 - -3?
-1020
In base 12, what is 3 + 168?
16b
In base 7, what is 642 + 4?
646
In base 7, what is -1123 + -5?
-1131
In base 12, what is -43 + -57?
-9a
In base 6, what is -2 + -42?
-44
In base 11, what is 252 - -4?
256
In base 2, what is 101 + -10101100110?
-10101100001
In base 9, what is 2 - 4037?
-4035
In base 7, what is 5 + -60?
-52
In base 3, what is 11 + 2112?
2200
In base 8, what is -2 - -76?
74
In base 6, what is 523 - 3?
520
In base 14, what is -8 + -83?
-8b
In base 8, what is 1 - 56?
-55
In base 7, what is -101 + -244?
-345
In base 15, what is 7d2 + -3?
7ce
In base 3, what is -102200 - -2002?
-100121
In base 4, what is -12 - 201?
-213
In base 13, what is 2 - 8?
-6
In base 5, what is -14 + -1330?
-1344
In base 6, what is 124 + -11?
113
In base 12, what is 0 + -153?
-153
In base 10, what is -119 - -65?
-54
In base 7, what is -5 - -1042?
1034
In base 12, what is 1673a + -3?
16737
In base 6, what is -25325 - 0?
-25325
In base 15, what is dd - 5?
d8
In base 8, what is 62 - -6?
70
In base 7, what is 1253 - 0?
1253
In base 5, what is 0 - -1143?
1143
In base 5, what is 140 - -434?
1124
In base 3, what is -1 + 1?
0
In base 10, what is -11 - -111?
100
In base 4, what is 2 + -2120?
-2112
In base 6, what is -2 + -12?
-14
In base 2, what is -10 - -110?
100
In base 15, what is -1e7 - 3?
-1ea
In base 15, what is 2028 - 0?
2028
In base 4, what is 200 - -122?
322
In base 13, what is -4 - -1c1b?
1c17
In base 10, what is -14 - 4?
-18
In base 6, what is 11134 + 3?
11141
In base 8, what is -1 + 25?
24
In base 14, what is 7bd3 + 4?
7bd7
In base 12, what is -3a + 4?
-36
In base 4, what is 11310 - -10?
11320
In base 16, what is ef - -3?
f2
In base 16, what is -5 + -5?
-a
In base 13, what is 9b - -3?
a1
In base 5, what is 112 + 12?
124
In base 16, what is -3 + 7f?
7c
In base 12, what is 23 + -3?
20
In base 5, what is 31 + 3?
34
In base 16, what is -4 - -12?
e
In base 4, what is 10 - 101321?
-101311
In base 8, what is -1 + -64?
-65
In base 15, what is -2c1 + 3?
-2bd
In base 8, what is 4562 + 2?
4564
In base 8, what is 270 - -105?
375
In base 4, what is 220103 + -2?
220101
In base 13, what is -33 + -1?
-34
In base 15, what is -1b + -10?
-2b
In base 5, what is -120104 + -2?
-120111
In base 2, what is 1111 + 111111000?
10000001